{"id":6,"date":"2023-06-29T09:26:19","date_gmt":"2023-06-29T09:26:19","guid":{"rendered":"https:\/\/kinderherzhilfe.convario-staging.de\/?page_id=6"},"modified":"2023-07-11T14:22:54","modified_gmt":"2023-07-11T14:22:54","slug":"schoene-portfolios-fuer-aussergewoehnliche-kreative","status":"publish","type":"page","link":"https:\/\/kinderherzhilfe.convario-staging.de\/","title":{"rendered":""},"content":{"rendered":"\r\n<div id=\"verein\" class=\"wp-block-ps2id-block-target\">\u00a0<\/div>\r\n\r\n<h2 style=\"text-align: center;\">VEREIN<\/h2>\r\n<h3 style=\"text-align: left;\">Herzlich willkommen<\/h3>\r\n\r\n<p class=\"has-text-align-center\" style=\"text-align: left;\">Im August 2001 wurde die Kinderherzhilfe Vechta e.V. gegr\u00fcndet. Mittlerweile sind wir bis auf 222 Mitglieder angewachsen und nehmen weiter Betroffene und Interessierte Mitglieder auf. In Deutschland kommen j\u00e4hrlich ca. 6.000 Kinder mit einem angeborenen, schweren Herzfehler zur Welt. Allein im Einzugsgebiet des St. Marienhospitals Vechta werden jedes Jahr ca. 30 Neugeborene mit behandlungsbed\u00fcrftigem Herzfehler zur Welt gebracht. Durch uns erhalten betroffene Eltern und Familienangeh\u00f6rige Informationen und Erfahrungsberichte um dadurch Angst und Unwissenheit etwas zu minimieren.<\/p>\r\n<p>Aus aktuellem Anlass:<\/p>\r\n<p><a href=\"https:\/\/bvhk.de\/informationen\/aktuelle-informationen-zum-covid-virus\/\" target=\"_blank\" rel=\"noopener\">Aktuelle Informationen zu Covid-19<\/a><\/p>\r\n<p>&nbsp;<\/p>\r\n<h3><span style=\"color: #d92b2b;\">So k\u00f6nnen wir helfen<\/span><\/h3>\r\n\r\n\r\n\r\n<ul style=\"list-style-image: url('https:\/\/kinderherzhilfe.convario-staging.de\/wp-content\/uploads\/2023\/07\/herz.png');\">\r\n<li>F\u00fcr die betroffenen Familien da sein, um z. B. auch bei beh\u00f6rdlichen Angelegenheiten zu helfen<\/li>\r\n<li>In Gespr\u00e4chen \u00c4ngste, Probleme und Fragen l\u00f6sen<\/li>\r\n<li>Die Familien mit Hilfe unserer gegebenen finanziellen Mittel unterst\u00fctzen<\/li>\r\n<li>Unsere eigenen Erfahrungen weitergeben<\/li>\r\n<li>Durch gemeinsame Aktivit\u00e4ten das Zusammengeh\u00f6rigkeitsgef\u00fchl st\u00e4rken<\/li>\r\n<li>Sorgen und \u00c4ngste durch Treffen und Gespr\u00e4che lindern<\/li>\r\n<\/ul>\r\n<p>&nbsp;<\/p>\r\n\r\n<div class=\"wp-block-buttons is-content-justification-center is-layout-flex wp-container-core-buttons-is-layout-16018d1d wp-block-buttons-is-layout-flex\">\r\n<div class=\"wp-block-button has-custom-font-size is-style-outline\" style=\"font-size: 16px;\"><a class=\"wp-block-button__link has-text-color wp-element-button\" style=\"border-radius: 0px; color: #d92b2b;\" href=\"https:\/\/kinderherzhilfe.convario-staging.de\/index.php\/about\/\">Weitere Informationen zum verein<\/a><\/div>\r\n<\/div>\r\n<div>\u00a0<\/div>\r\n<div>\u00a0<\/div>\r\n\r\n\r\n\r\n<p class=\"is-layout-flex wp-block-buttons-is-layout-flex\">\r\n\r\n<\/p>\r\n<div class=\"wp-block-columns alignfull is-layout-flex wp-container-core-columns-is-layout-9d6595d7 wp-block-columns-is-layout-flex\">\r\n<div class=\"wp-block-column has-background\" style=\"background-color: #d92b2b;\">\r\n<h2 style=\"text-align: center;\"><span style=\"color: #ffffff;\">\u201eFreundschaft verst\u00e4rkt das Gl\u00fcck und lindert das Elend, sie <\/span><span style=\"color: #ffffff;\">verdoppelt<br \/><\/span><span style=\"color: #ffffff;\">unsere Freude und halbiert unsere Schmerzen.\u201c<\/span><\/h2>\r\n<h4>\u00a0<\/h4>\r\n<h4 style=\"text-align: center;\"><span style=\"color: #ffffff;\">Joseph Addison<\/span><\/h4>\r\n<\/div>\r\n<\/div>\r\n<p>\r\n\r\n<\/p>\r\n<div id=\"neuigkeiten\" class=\"wp-block-ps2id-block-target\">\u00a0<\/div>\r\n<p>\r\n\r\n<\/p>\r\n<div class=\"wp-block-spacer\" style=\"height: 62px;\" aria-hidden=\"true\">\u00a0<\/div>\r\n<p><\/p>\r\n<p>&nbsp;<\/p>\r\n<h2 style=\"text-align: center;\">NEUIGKEITEN<\/h2>\r\n<p>&nbsp;<\/p>\r\n<p><\/p>\r\n<div class=\"wp-block-spacer\" style=\"height: 75px;\" aria-hidden=\"true\">\u00a0<\/div>\r\n<p>\r\n\r\n<\/p>\r\n<div class=\"wp-block-columns is-layout-flex wp-container-core-columns-is-layout-9d6595d7 wp-block-columns-is-layout-flex\">\r\n<div class=\"wp-block-column is-layout-flow wp-block-column-is-layout-flow\"><ul class=\"wp-block-latest-posts__list is-grid columns-2 has-dates wp-block-latest-posts\"><li><div class=\"wp-block-latest-posts__featured-image\"><img loading=\"lazy\" decoding=\"async\" width=\"700\" height=\"525\" src=\"https:\/\/kinderherzhilfe.convario-staging.de\/wp-content\/uploads\/2023\/06\/2E820526-ADDD-4659-A320-9C5C872DF8DC-700x525-1.jpeg\" class=\"attachment-large size-large wp-post-image\" alt=\"\" style=\"\" srcset=\"https:\/\/kinderherzhilfe.convario-staging.de\/wp-content\/uploads\/2023\/06\/2E820526-ADDD-4659-A320-9C5C872DF8DC-700x525-1.jpeg 700w, https:\/\/kinderherzhilfe.convario-staging.de\/wp-content\/uploads\/2023\/06\/2E820526-ADDD-4659-A320-9C5C872DF8DC-700x525-1-300x225.jpeg 300w\" sizes=\"auto, 100vw\" \/><\/div><a class=\"wp-block-latest-posts__post-title\" href=\"https:\/\/kinderherzhilfe.convario-staging.de\/index.php\/2021\/09\/30\/hello-world\/\">Neuer Vorstand 2021<\/a><time datetime=\"2021-09-30T12:54:09+00:00\" class=\"wp-block-latest-posts__post-date\">September 30, 2021<\/time><div class=\"wp-block-latest-posts__post-excerpt\">Gestern wurde unser neuer\/alter Vorstand gew\u00e4hlt. Verabschiedet wurden \u2013 nach jahrelangem tollem&nbsp;Engagement \u2013 Annegret Trenkamp und Stefan Schiebe. Ihnen wurde unser &hellip; <p class=\"link-more\"><a href=\"https:\/\/kinderherzhilfe.convario-staging.de\/index.php\/2021\/09\/30\/hello-world\/\" class=\"more-link\">Mehr <span class=\"screen-reader-text\">\u00fcber &#8222;Neuer Vorstand 2021&#8220; <\/span>Lesen<\/a><\/p><\/div><\/li>\n<li><a class=\"wp-block-latest-posts__post-title\" href=\"https:\/\/kinderherzhilfe.convario-staging.de\/index.php\/2021\/07\/26\/neue-angebote-zum-download\/\">Neue Angebote zum Download<\/a><time datetime=\"2021-07-26T07:06:54+00:00\" class=\"wp-block-latest-posts__post-date\">Juli 26, 2021<\/time><div class=\"wp-block-latest-posts__post-excerpt\">Wir als Verein stellen einen Notfallpass f\u00fcr unsere Herzkinder zur Verf\u00fcgung. Weiterhin\u00a0 haben wqir einen Katalog zusammengestellt damit unsere Mitglieder wissen &hellip; <p class=\"link-more\"><a href=\"https:\/\/kinderherzhilfe.convario-staging.de\/index.php\/2021\/07\/26\/neue-angebote-zum-download\/\" class=\"more-link\">Mehr <span class=\"screen-reader-text\">\u00fcber &#8222;Neue Angebote zum Download&#8220; <\/span>Lesen<\/a><\/p><\/div><\/li>\n<li><a class=\"wp-block-latest-posts__post-title\" href=\"https:\/\/kinderherzhilfe.convario-staging.de\/index.php\/2020\/03\/04\/infos-vom-bvhk-zu-sars-cov-2-coronavirus\/\">Infos vom BVHK zu SARS-CoV-2 (Coronavirus)<\/a><time datetime=\"2020-03-04T07:08:15+00:00\" class=\"wp-block-latest-posts__post-date\">M\u00e4rz 4, 2020<\/time><div class=\"wp-block-latest-posts__post-excerpt\">Liebe Mitglieder, die Pressemeldungen, in denen einzelne Herzfehler bzw. herzkranke Kinder, z.B.\u00a0von der Deutschen Herzstiftung als besondere Risikogruppe hervorgehoben wurden, haben &hellip; <p class=\"link-more\"><a href=\"https:\/\/kinderherzhilfe.convario-staging.de\/index.php\/2020\/03\/04\/infos-vom-bvhk-zu-sars-cov-2-coronavirus\/\" class=\"more-link\">Mehr <span class=\"screen-reader-text\">\u00fcber &#8222;Infos vom BVHK zu SARS-CoV-2 (Coronavirus)&#8220; <\/span>Lesen<\/a><\/p><\/div><\/li>\n<li><div class=\"wp-block-latest-posts__featured-image\"><img loading=\"lazy\" decoding=\"async\" width=\"700\" height=\"525\" src=\"https:\/\/kinderherzhilfe.convario-staging.de\/wp-content\/uploads\/2023\/06\/87058047_1954617018017444_7812601101185712128_o-700x525-1.jpg\" class=\"attachment-large size-large wp-post-image\" alt=\"\" style=\"\" srcset=\"https:\/\/kinderherzhilfe.convario-staging.de\/wp-content\/uploads\/2023\/06\/87058047_1954617018017444_7812601101185712128_o-700x525-1.jpg 700w, https:\/\/kinderherzhilfe.convario-staging.de\/wp-content\/uploads\/2023\/06\/87058047_1954617018017444_7812601101185712128_o-700x525-1-300x225.jpg 300w\" sizes=\"auto, 100vw\" \/><\/div><a class=\"wp-block-latest-posts__post-title\" href=\"https:\/\/kinderherzhilfe.convario-staging.de\/index.php\/2020\/02\/21\/hakuna-matata\/\">Hakuna Matata<\/a><time datetime=\"2020-02-21T15:12:56+00:00\" class=\"wp-block-latest-posts__post-date\">Februar 21, 2020<\/time><div class=\"wp-block-latest-posts__post-excerpt\">Am vergangenen Wochenende haben einige junge Leute unseres Vereins Hamburg erkundet. Sightseeing\u00a0und Shopping standen ebenso auf dem Programm wie eine abendliche &hellip; <p class=\"link-more\"><a href=\"https:\/\/kinderherzhilfe.convario-staging.de\/index.php\/2020\/02\/21\/hakuna-matata\/\" class=\"more-link\">Mehr <span class=\"screen-reader-text\">\u00fcber &#8222;Hakuna Matata&#8220; <\/span>Lesen<\/a><\/p><\/div><\/li>\n<\/ul><\/div>\r\n<\/div>\r\n<p>\r\n\r\n<\/p>\r\n<div class=\"wp-block-buttons is-content-justification-center is-layout-flex wp-container-core-buttons-is-layout-16018d1d wp-block-buttons-is-layout-flex\">\r\n<div class=\"wp-block-button has-custom-font-size is-style-outline\" style=\"font-size: 16px;\"><a class=\"wp-block-button__link has-text-color wp-element-button\" style=\"border-radius: 0px; color: #d92b2b;\" href=\"https:\/\/kinderherzhilfe.convario-staging.de\/index.php\/blog\/\">Weitere neuigkeiten<\/a><\/div>\r\n<\/div>\r\n<div>\u00a0<\/div>\r\n<div>\u00a0<\/div>\r\n<p>\r\n\r\n<\/p>\r\n<div id=\"schirmherrschaft\" class=\"wp-block-ps2id-block-target\">\u00a0<\/div>\r\n<p>\r\n\r\n<\/p>\r\n<div class=\"wp-block-columns alignfull is-layout-flex wp-container-core-columns-is-layout-9d6595d7 wp-block-columns-is-layout-flex\">\r\n<div class=\"wp-block-column has-background is-layout-flow wp-block-column-is-layout-flow\" style=\"background-color: #d92b2b;\">\r\n<h4>\u00a0<\/h4>\r\n<h4 style=\"text-align: center;\"><span style=\"color: #ffffff;\">SCHIRMHERRSCHAFT<\/span><\/h4>\r\n<h2 style=\"text-align: center;\"><span style=\"color: #ffffff;\">\u201eJeder hat nur ein Herz und da ich selbst erfahren habe, wie <br \/>es ist, herzkrank <\/span><span style=\"color: #ffffff;\">zu sein, liegt mir dieses Engagement<br \/>besonders am Herzen\u201c<\/span><\/h2>\r\n<h4 style=\"text-align: center;\"><span style=\"color: #ffffff;\">Hans H\u00f6ffmann<\/span><\/h4>\r\n<h6 style=\"text-align: center;\"><span style=\"color: #ffffff;\"><img loading=\"lazy\" decoding=\"async\" class=\"aligncenter wp-image-137 size-full\" src=\"https:\/\/kinderherzhilfe.convario-staging.de\/wp-content\/uploads\/2023\/06\/KHH_Schirmherr_Hans_Hoeffmann_Reisen-700x375-1.png\" alt=\"\" width=\"700\" height=\"375\" srcset=\"https:\/\/kinderherzhilfe.convario-staging.de\/wp-content\/uploads\/2023\/06\/KHH_Schirmherr_Hans_Hoeffmann_Reisen-700x375-1.png 700w, https:\/\/kinderherzhilfe.convario-staging.de\/wp-content\/uploads\/2023\/06\/KHH_Schirmherr_Hans_Hoeffmann_Reisen-700x375-1-300x161.png 300w\" sizes=\"auto, (max-width: 700px) 100vw, 700px\" \/>Der Gr\u00fcnder des Reise- und Busunternehmens\u00a0<a style=\"color: #ffffff;\" href=\"http:\/\/www.hoeffmann.de\/\" target=\"_blank\" rel=\"noopener\">H\u00f6ffmann Reisen GmbH<\/a>.<\/span><br \/><span style=\"color: #ffffff;\">Hans H\u00f6ffmann ist seit April 2016 Schirmherr der Kinderherzhilfe Vechta e.V.<\/span><br \/><span style=\"color: #ffffff;\">Wir sind dankbar und stolz, dass der dreifache Vater und Gro\u00dfvater uns<\/span><br \/><span style=\"color: #ffffff;\">tatkr\u00e4ftig bei unserer Vereinsarbeit unterst\u00fctzt.<\/span><\/h6>\r\n<p>&nbsp;<\/p>\r\n\r\n\r\n\r\n<div id=\"wunschaktion\" class=\"wp-block-ps2id-block-target\">\u00a0<\/div>\r\n<\/div>\r\n<\/div>\r\n<p>\r\n\r\n<\/p>\r\n<div class=\"wp-block-spacer\" style=\"height: 43px;\" aria-hidden=\"true\">\u00a0<\/div>\r\n<p><\/p>\r\n<h2 style=\"text-align: center;\">WUNSCHAKTION<\/h2>\r\n<p>&nbsp;<\/p>\r\n<p style=\"text-align: center;\"><strong>Die Kinderherzhilfe Vechta hat als neues Projekt eine Wunschaktion f\u00fcr die Herzkinder aus dem Verein gestartet. Dabei k\u00f6nnen sich die Kinder einen sehnlichen Wunsch erf\u00fcllen lassen. Daf\u00fcr ben\u00f6tigen wir nat\u00fcrlich Spenden, Personen und Firmen die uns unterst\u00fctzen.<\/strong><\/p>\r\n<p>&nbsp;<\/p>\r\n<p><\/p>\r\n<div class=\"wp-block-spacer\" style=\"height: 25px;\" aria-hidden=\"true\">\u00a0<\/div>\r\n<p>\r\n\r\n<\/p>\r\n<div class=\"wp-block-columns is-layout-flex wp-container-core-columns-is-layout-9d6595d7 wp-block-columns-is-layout-flex\">\r\n<div class=\"wp-block-column is-vertically-aligned-center is-layout-flow wp-block-column-is-layout-flow\">\r\n<figure class=\"wp-block-image size-large is-resized\"><img loading=\"lazy\" decoding=\"async\" class=\"wp-image-148\" src=\"https:\/\/kinderherzhilfe.convario-staging.de\/wp-content\/uploads\/2023\/06\/photo-1469131792215-9c8aaff71393-e1478714563362-1024x683.jpeg\" alt=\"\" width=\"403\" height=\"268\" srcset=\"https:\/\/kinderherzhilfe.convario-staging.de\/wp-content\/uploads\/2023\/06\/photo-1469131792215-9c8aaff71393-e1478714563362-1024x683.jpeg 1024w, https:\/\/kinderherzhilfe.convario-staging.de\/wp-content\/uploads\/2023\/06\/photo-1469131792215-9c8aaff71393-e1478714563362-300x200.jpeg 300w, https:\/\/kinderherzhilfe.convario-staging.de\/wp-content\/uploads\/2023\/06\/photo-1469131792215-9c8aaff71393-e1478714563362-768x512.jpeg 768w, https:\/\/kinderherzhilfe.convario-staging.de\/wp-content\/uploads\/2023\/06\/photo-1469131792215-9c8aaff71393-e1478714563362-1536x1024.jpeg 1536w, https:\/\/kinderherzhilfe.convario-staging.de\/wp-content\/uploads\/2023\/06\/photo-1469131792215-9c8aaff71393-e1478714563362.jpeg 1600w\" sizes=\"auto, (max-width: 403px) 100vw, 403px\" \/><\/figure>\r\n<\/div>\r\n\r\n\r\n\r\n<div class=\"wp-block-column is-layout-flow wp-block-column-is-layout-flow\">\r\n<p style=\"text-align: left;\"><strong><span style=\"color: #d92b2b;\">Ohne Ihre Hilfe k\u00f6nnen wir diese W\u00fcnsche<\/span><\/strong><br \/><strong><span style=\"color: #d92b2b;\">nicht erf\u00fcllen:<\/span><\/strong><\/p>\r\n<ul style=\"text-align: left; list-style-image: url('https:\/\/kinderherzhilfe.convario-staging.de\/wp-content\/uploads\/2023\/07\/herz.png');\">\r\n<li>Zwei Reisen nach Paris<\/li>\r\n<li>Reiterferien<\/li>\r\n<li>Ausfl\u00fcge in Freizeitparks<\/li>\r\n<li>Besuch von Fu\u00dfballspielen<\/li>\r\n<li>Musikinstrumente<\/li>\r\n<\/ul>\r\n<p style=\"text-align: left;\">Falls Sie Interesse haben, uns zu unterst\u00fctzen,<br \/>schreiben Sie uns eine E-Mail.<\/p>\r\n<p>&nbsp;<\/p>\r\n<\/div>\r\n<\/div>\r\n<p>\r\n\r\n<\/p>\r\n<div id=\"spenden\" class=\"wp-block-ps2id-block-target\">\u00a0<\/div>\r\n<p>\r\n\r\n<\/p>\r\n<div class=\"wp-block-buttons is-content-justification-center is-layout-flex wp-container-core-buttons-is-layout-16018d1d wp-block-buttons-is-layout-flex\">\r\n<div class=\"wp-block-button has-custom-font-size is-style-outline is-style-outline--1\" style=\"font-size: 16px;\"><a class=\"wp-block-button__link has-text-color wp-element-button\" style=\"border-radius: 0px; color: #d92b2b;\" href=\"https:\/\/kinderherzhilfe.convario-staging.de\/index.php\/kontakt\/\">Hier erfahren sie, welche w\u00fcnsche sich bereits erf\u00fcllt haben<\/a><\/div>\r\n<\/div>\r\n<p>\r\n\r\n<\/p>\r\n<div class=\"wp-block-spacer\" style=\"height: 76px;\" aria-hidden=\"true\">\u00a0<\/div>\r\n<p>\r\n\r\n<\/p>\r\n<div class=\"wp-block-columns alignfull are-vertically-aligned-center is-layout-flex wp-container-core-columns-is-layout-9d6595d7 wp-block-columns-is-layout-flex\">\r\n<div class=\"wp-block-column is-vertically-aligned-center is-layout-flow wp-block-column-is-layout-flow\">\r\n<div class=\"wp-block-columns has-white-color has-text-color has-background is-layout-flex wp-container-core-columns-is-layout-9d6595d7 wp-block-columns-is-layout-flex\" style=\"background-color: #d92b2b;\">\r\n<div class=\"wp-block-column is-vertically-aligned-center is-layout-flow wp-block-column-is-layout-flow\">\r\n<h3 style=\"text-align: right;\"><span class=\"big\" style=\"color: #ffffff;\">Wir freuen uns \u00fcber jede Spende!<\/span><\/h3>\r\n<p style=\"text-align: right;\">Geben Sie bitte in der Rubrik <br \/>Verwendungszweck Ihre Adresse an, so k\u00f6nnen wir Ihnen<br \/>direkt eine Spendenbescheinigung zusenden. <br \/>Bei Fragen wenden Sie sich bitte per E-Mail an unseren Kassenwart\u00a0<span style=\"color: #ffffff;\"><a style=\"color: #ffffff;\">Dirk Rilling<\/a><\/span>.<\/p>\r\n\r\n\r\n\r\n<div id=\"links\" class=\"wp-block-ps2id-block-target\">\u00a0<\/div>\r\n<\/div>\r\n\r\n\r\n\r\n<div class=\"wp-block-column is-vertically-aligned-center is-layout-flow wp-block-column-is-layout-flow\">\r\n<p><strong>Volksbank<\/strong> Vechta<strong> eG<\/strong><br \/><strong>IBAN: DE83 2806 4179 0427 1009 00<\/strong><br \/><strong>BIC: GENODEF1VEC<\/strong><\/p>\r\n<p><strong>Kreissparkasse Bersenbr\u00fcck<\/strong><br \/><strong>IBAN: DE96 2655 1540 0017 3720 46<\/strong><br \/><strong>BIC: NOLADE21BEB<\/strong><\/p>\r\n<\/div>\r\n<\/div>\r\n<\/div>\r\n<\/div>\r\n<p><\/p>\r\n<p>&nbsp;<\/p>\r\n<h2 style=\"text-align: center;\">LINKS<\/h2>\r\n<p>&nbsp;<\/p>\r\n<p><\/p>\r\n<div class=\"wp-block-columns is-layout-flex wp-container-core-columns-is-layout-9d6595d7 wp-block-columns-is-layout-flex\">\r\n<div class=\"wp-block-column is-vertically-aligned-top\">\r\n<h3 style=\"text-align: right;\">Unsere Unterst\u00fctzer<\/h3>\r\n<p><img loading=\"lazy\" decoding=\"async\" class=\"alignright size-medium wp-image-97\" src=\"https:\/\/kinderherzhilfe.convario-staging.de\/wp-content\/uploads\/2023\/06\/rasta-300x163.jpg\" alt=\"\" width=\"300\" height=\"163\" srcset=\"https:\/\/kinderherzhilfe.convario-staging.de\/wp-content\/uploads\/2023\/06\/rasta-300x163.jpg 300w, https:\/\/kinderherzhilfe.convario-staging.de\/wp-content\/uploads\/2023\/06\/rasta.jpg 500w\" sizes=\"auto, (max-width: 300px) 100vw, 300px\" \/><\/p>\r\n<p>&nbsp;<\/p>\r\n<p>&nbsp;<\/p>\r\n<p>&nbsp;<\/p>\r\n<p>&nbsp;<\/p>\r\n<p style=\"text-align: right;\">\u00a0<\/p>\r\n<p><img loading=\"lazy\" decoding=\"async\" class=\"alignright size-medium wp-image-98\" src=\"https:\/\/kinderherzhilfe.convario-staging.de\/wp-content\/uploads\/2023\/06\/bakumer-e1478710661533-300x57.jpg\" alt=\"\" width=\"300\" height=\"57\" srcset=\"https:\/\/kinderherzhilfe.convario-staging.de\/wp-content\/uploads\/2023\/06\/bakumer-e1478710661533-300x57.jpg 300w, https:\/\/kinderherzhilfe.convario-staging.de\/wp-content\/uploads\/2023\/06\/bakumer-e1478710661533.jpg 499w\" sizes=\"auto, (max-width: 300px) 100vw, 300px\" \/><\/p>\r\n<\/div>\r\n<div class=\"wp-block-column\">\r\n<h3 style=\"text-align: left;\">Informationen zum Thema Herzfehler und Kliniken<\/h3>\r\n<p><a href=\"http:\/\/www.marienhospital-vechta.de\/\" target=\"_blank\" rel=\"noopener\">St. Marienhospital Vechta \/\u00a0Klinik f\u00fcr Kinder und Jugendmedizin<\/a><\/p>\r\n<p><a href=\"http:\/\/www.kinderherzzentrum-kiel.de\/\" target=\"_blank\" rel=\"noopener\">Kinderherzzentrum Kiel<\/a><\/p>\r\n<p>UKM-Universit\u00e4tsklinikum M\u00fcnster<br \/><a href=\"http:\/\/klinikum.uni-muenster.de\/index.php?id=kinderkardiologie_uebersicht\" target=\"_blank\" rel=\"noopener\">Kinderkardiologie<\/a><br \/><a href=\"http:\/\/klinikum.uni-muenster.de\/index.php?id=6487\" target=\"_blank\" rel=\"noopener\">Kinderherzchirugie<\/a><\/p>\r\n<p><a href=\"http:\/\/www.hdz-nrw.de\/\" target=\"_blank\" rel=\"noopener\">Herz- und Diabeteszentrum NRW Bad Oeynhausen<\/a><\/p>\r\n<p><a href=\"http:\/\/www.bvhk.de\/\" target=\"_blank\" rel=\"noopener\">Bundesverband Herzkranke Kinder e.V.<\/a><\/p>\r\n<p><a href=\"http:\/\/www.kompetenznetz-ahf.de\/\" target=\"_blank\" rel=\"noopener\">Kompetenznetz Angeborene Herzfehler<\/a><\/p>\r\n<\/div>\r\n<\/div>\r\n<p><\/p>\r\n<p>&nbsp;<\/p>\r\n<p>&nbsp;<\/p>\r\n<p>&nbsp;<\/p>\r\n<p><\/p>\r\n<div id=\"kontakt\" class=\"wp-block-ps2id-block-target\">\u00a0<\/div>\r\n<p><\/p>","protected":false},"excerpt":{"rendered":"<p>VEREIN Herzlich willkommen Im August 2001 wurde die Kinderherzhilfe Vechta e.V. gegr\u00fcndet. Mittlerweile sind wir bis auf 222 Mitglieder angewachsen und nehmen weiter Betroffene und Interessierte Mitglieder auf. In Deutschland kommen j\u00e4hrlich ca. 6.000 Kinder mit einem angeborenen, schweren Herzfehler zur Welt. Allein im Einzugsgebiet des St. Marienhospitals Vechta werden jedes Jahr ca. 30 Neugeborene &hellip; <\/p>\n<p class=\"link-more\"><a href=\"https:\/\/kinderherzhilfe.convario-staging.de\/\" class=\"more-link\">Mehr <span class=\"screen-reader-text\">\u00fcber &#8222;&#8220; <\/span>Lesen<\/a><\/p>\n","protected":false},"author":1,"featured_media":5,"parent":0,"menu_order":0,"comment_status":"closed","ping_status":"closed","template":"","meta":{"footnotes":""},"class_list":["post-6","page","type-page","status-publish","has-post-thumbnail","hentry"],"_links":{"self":[{"href":"https:\/\/kinderherzhilfe.convario-staging.de\/index.php\/wp-json\/wp\/v2\/pages\/6","targetHints":{"allow":["GET"]}}],"collection":[{"href":"https:\/\/kinderherzhilfe.convario-staging.de\/index.php\/wp-json\/wp\/v2\/pages"}],"about":[{"href":"https:\/\/kinderherzhilfe.convario-staging.de\/index.php\/wp-json\/wp\/v2\/types\/page"}],"author":[{"embeddable":true,"href":"https:\/\/kinderherzhilfe.convario-staging.de\/index.php\/wp-json\/wp\/v2\/users\/1"}],"replies":[{"embeddable":true,"href":"https:\/\/kinderherzhilfe.convario-staging.de\/index.php\/wp-json\/wp\/v2\/comments?post=6"}],"version-history":[{"count":119,"href":"https:\/\/kinderherzhilfe.convario-staging.de\/index.php\/wp-json\/wp\/v2\/pages\/6\/revisions"}],"predecessor-version":[{"id":365,"href":"https:\/\/kinderherzhilfe.convario-staging.de\/index.php\/wp-json\/wp\/v2\/pages\/6\/revisions\/365"}],"wp:featuredmedia":[{"embeddable":true,"href":"https:\/\/kinderherzhilfe.convario-staging.de\/index.php\/wp-json\/wp\/v2\/media\/5"}],"wp:attachment":[{"href":"https:\/\/kinderherzhilfe.convario-staging.de\/index.php\/wp-json\/wp\/v2\/media?parent=6"}],"curies":[{"name":"wp","href":"https:\/\/api.w.org\/{rel}","templated":true}]}}